der when 1230668 is divided by 158?
6
What is the remainder when 4945546 is divided by 796?
794
What is the remainder when 262047 is divided by 104?
71
What is the remainder when 6801147 is divided by 31?
26
Calculate the remainder when 10904478 is divided by 217.
11
Calculate the remainder when 18910186 is divided by 102.
100
Calculate the remainder when 1635645 is divided by 817822.
1
What is the remainder when 8871512 is divided by 16?
8
Calculate the remainder when 6074369 is divided by 42.
35
Calculate the remainder when 78206530 is divided by 1089.
1084
What is the remainder when 644728 is divided by 294?
280
Calculate the remainder when 2598186 is divided by 1261.
526
What is the remainder when 31284940 is divided by 742?
736
What is the remainder when 17260 is divided by 165?
100
What is the remainder when 6187885 is divided by 13690?
5
What is the remainder when 42341 is divided by 510?
11
What is the remainder when 11689972 is divided by 55?
52
What is the remainder when 28217 is divided by 1119?
242
Calculate the remainder when 1069916 is divided by 45.
41
What is the remainder when 66157 is divided by 2646?
7
What is the remainder when 57612208 is divided by 10?
8
Calculate the remainder when 1814757 is divided by 239.
30
What is the remainder when 40134 is divided by 1334?
114
What is the remainder when 844 is divided by 794?
50
Calculate the remainder when 22982054 is divided by 168.
158
What is the remainder when 104909709 is divided by 45?
39
Calculate the remainder when 708019 is divided by 50541.
445
Calculate the remainder when 108586 is divided by 12061.
37
Calculate the remainder when 3983 is divided by 488.
79
What is the remainder when 64237 is divided by 462?
19
Calculate the remainder when 665029 is divided by 553.
323
Calculate the remainder when 2876449 is divided by 513.
58
Calculate the remainder when 84086 is divided by 975.
236
What is the remainder when 238160 is divided by 6176?
3472
What is the remainder when 1571212 is divided by 3063?
2956
Calculate the remainder when 162093 is divided by 15842.
3673
What is the remainder when 811613 is divided by 835?
828
What is the remainder when 467116 is divided by 712?
44
Calculate the remainder when 162153 is divided by 88.
57
What is the remainder when 4773638 is divided by 878?
830
Calculate the remainder when 54840351 is divided by 27420175.
1
Calculate the remainder when 30281360 is divided by 15140664.
32
Calculate the remainder when 40805931 is divided by 177.
174
What is the remainder when 276905 is divided by 137762?
1381
What is the remainder when 65569 is divided by 10735?
1159
Calculate the remainder when 32519693 is divided by 86.
83
Calculate the remainder when 1345552478 is divided by 17.
13
Calculate the remainder when 79973 is divided by 8539.
3122
What is the remainder when 39725 is divided by 1145?
795
Calculate the remainder when 2024762 is divided by 12979.
38
Calculate the remainder when 717305 is divided by 1510.
55
What is the remainder when 176950 is divided by 115?
80
Calculate the remainder when 41216 is divided by 10276.
112
What is the remainder when 15231522 is divided by 1175?
1172
Calculate the remainder when 149340880 is divided by 55.
40
What is the remainder when 288938717 is divided by 1413?
1412
What is the remainder when 90778 is divided by 466?
374
Calculate the remainder when 59531 is divided by 13914.
3875
Calculate the remainder when 13625 is divided by 326.
259
Calculate the remainder when 1029702 is divided by 1702.
1694
Calculate the remainder when 10116308 is divided by 17.
16
Calculate the remainder when 468585 is divided by 1521.
117
What is the remainder when 30546 is divided by 29345?
1201
Calculate the remainder when 759573 is divided by 2730.
633
Calculate the remainder when 104628761 is divided by 19.
17
Calculate the remainder when 20145 is divided by 6533.
546
What is the remainder when 2417388 is divided by 2417377?
11
Calculate the remainder when 33993 is divided by 16983.
27
What is the remainder when 174566 is divided by 238?
112
Calculate the remainder when 6901450 is divided by 794.
2
What is the remainder when 23615 is divided by 1187?
1062
Calculate the remainder when 18804261 is divided by 120.
21
Calculate the remainder when 358532 is divided by 1354.
1076
Calculate the remainder when 25227654 is divided by 117.
114
Calculate the remainder when 38249785 is divided by 14.
7
What is the remainder when 1332061 is divided by 829?
687
Calculate the remainder when 843833 is divided by 336.
137
What is the remainder when 532244 is divided by 301?
76
What is the remainder when 3675330 is divided by 700?
330
What is the remainder when 4128551 is divided by 1376160?
71
What is the remainder when 31704678 is divided by 3983?
3981
Calculate the remainder when 2252 is divided by 1999.
253
Calculate the remainder when 200402 is divided by 3083.
7
What is the remainder when 100149548 is divided by 107?
9
Calculate the remainder when 48800 is divided by 15552.
2144
Calculate the remainder when 73653697 is divided by 470.
467
What is the remainder when 4419128 is divided by 1104781?
4
What is the remainder when 178238 is divided by 572?
346
What is the remainder when 148050 is divided by 32?
18
Calculate the remainder when 91980 is divided by 11.
9
What is the remainder when 407463 is divided by 241?
173
What is the remainder when 3952229 is divided by 7147?
7085
What is the remainder when 22040228 is divided by 24?
20
Calculate the remainder when 28873710 is divided by 56.
54
What is the remainder when 86420 is divided by 28791?
47
Calculate the remainder when 253746911 is divided by 5117.
5115
Calculate the remainder when 7556871 is divided by 91.
49
Calculate the remainder when 406736 is divided by 23921.
79
Calculate the remainder when 172887 is divided by 2401.
15
What is the remainder when 1512459 is divided by 4147?
2951
What is the remainder when 115165 is divided by 2854?
1005
What is the remainder when 162897074 is divided by 405?
404
Calculate the remainder when 78993 is divided by 38517.
1959
What is the remainder when 356187 is divided by 1241?
20
Calculate the remainder when 943070 is divided by 296.
14
Calculate the remainder when 682 is divided by 284.
114
Calculate the remainder when 139190 is divided by 2844.
2678
Calculate the remainder when 5876406 is divided by 983.
32
Calculate the remainder when 2827505 is divided by 196.
9
Calculate the remainder when 1851402 is divided by 3317.
516
What is the remainder when 93595 is divided by 23343?
223
Calculate the remainder when 70436489 is divided by 37.
33
What is the remainder when 1739270100 is divided by 6943?
6942
What is the remainder when 237692 is divided by 1671?
410
What is the remainder when 1933784 is divided by 138?
128
Calculate the remainder when 34889880 is divided by 14635.
40
What is the remainder when 5576973 is divided by 199?
197
What is the remainder when 4659682 is divided by 29?
20
Calculate the remainder when 66662 is divided by 1702.
284
Calculate the remainder when 2523667 is divided by 2523633.
34
What is the remainder when 234767307 is divided by 15?
12
Calculate the remainder when 971452 is divided by 8393.
6257
What is the remainder when 3769409 is divided by 84?
77
Calculate the remainder when 4553 is divided by 1503.
44
Calculate the remainder when 102073 is divided by 1517.
434
Calculate the remainder when 54200799 is divided by 4826.
4819
What is the remainder when 35055 is divided by 11001?
2052
Calculate the remainder when 72046 is divided by 586.
554
What is the remainder when 5696328 is divided by 64731?
0
Calculate the remainder when 1207263 is divided by 4.
3
What is the remainder when 126957697 is divided by 979?
977
Calculate the remainder when 16148211 is divided by 18.
15
Calculate the remainder when 1131023 is divided by 252.
47
What is the remainder when 360147 is divided by 1047?
1026
What is the remainder when 84417732 is divided by 3396?
3360
Calculate the remainder when 1401208 is divided by 82421.
51
Calculate the remainder when 568785 is divided by 5522.
19
Calculate the remainder when 4971577 is divided by 93800.
177
What is the remainder when 142507308 is divided by 115?
113
What is the remainder wh